{"id":34,"date":"2022-01-30T16:57:35","date_gmt":"2022-01-30T15:57:35","guid":{"rendered":"https:\/\/lesalverien.fr\/?page_id=34"},"modified":"2022-06-17T15:24:12","modified_gmt":"2022-06-17T13:24:12","slug":"les-partenaires-du-salverien","status":"publish","type":"page","link":"https:\/\/lesalverien.fr\/index.php\/les-partenaires-du-salverien\/","title":{"rendered":"Les partenaires  du Salv\u00e9rien"},"content":{"rendered":"\n<p>Retrouvez  les partenaires du Salv\u00e9rien qui nous  permettent de  vous proposer  des produits  locaux de grande qualit\u00e9;<\/p>\n\n\n\n<h3 class=\"wp-block-heading\" id=\"martin-volaille\">Martin volaille<\/h3>\n\n\n\n<p>Nous  avons \u00e0 c\u0153ur de travailler avec les producteurs  locaux afin de favoriser  la qualit\u00e9 et  les circuits courts. La maison  Martin nous fournis en volailles. Ils pratiquent aussi  la vente aux particuliers .  N\u2019h\u00e9sitez pas \u00e0 les rejoindre  sur les r\u00e9seaux sociaux <\/p>\n\n\n\n<div class=\"wp-block-columns is-layout-flex wp-container-core-columns-is-layout-9d6595d7 wp-block-columns-is-layout-flex\">\n<div class=\"wp-block-column is-layout-flow wp-block-column-is-layout-flow\">\n<div class=\"wp-block-columns is-layout-flex wp-container-core-columns-is-layout-9d6595d7 wp-block-columns-is-layout-flex\">\n<div class=\"wp-block-column is-layout-flow wp-block-column-is-layout-flow\">\n<figure class=\"wp-block-image size-full\"><img decoding=\"async\" src=\"https:\/\/lesalverien.fr\/wp-content\/uploads\/2022\/02\/martinjpg.jpg\" alt=\"\" class=\"wp-image-171\"\/><\/figure>\n<\/div>\n\n\n\n<div class=\"wp-block-column is-layout-flow wp-block-column-is-layout-flow\">\n<figure class=\"wp-block-image size-full\"><img decoding=\"async\" src=\"https:\/\/lesalverien.fr\/wp-content\/uploads\/2022\/02\/martin2.jpg\" alt=\"les partenaires du salverien\" class=\"wp-image-170\"\/><figcaption> <\/figcaption><\/figure>\n<\/div>\n<\/div>\n<\/div>\n\n\n\n<div class=\"wp-block-column is-layout-flow wp-block-column-is-layout-flow\"><\/div>\n<\/div>\n\n\n\n<div class=\"wp-block-buttons is-layout-flex wp-block-buttons-is-layout-flex\">\n<div class=\"wp-block-button has-custom-width wp-block-button__width-25 has-custom-font-size has-small-font-size\"><a class=\"wp-block-button__link has-black-color has-very-light-gray-to-cyan-bluish-gray-gradient-background has-text-color has-background\" href=\"https:\/\/www.facebook.com\/Maison-Martin-Volaille-100651824844853\" style=\"border-radius:84px\" target=\"_blank\" rel=\"noreferrer noopener\">En savoir  plus <\/a><\/div>\n<\/div>\n\n\n\n<h2 class=\"wp-block-heading\" id=\"les-truites-de-izeron\">les partenaires du Salv\u00e9rien : Les truites  de  Izeron<\/h2>\n\n\n\n<p>Nous nous servons \u00e0  la pisciculture de st sauveur pour  nos truites. Elles sont \u00e9lev\u00e9es de  mani\u00e8re  naturelle  dans une eau de source qui coule en permanence.<\/p>\n\n\n\n<div class=\"wp-block-columns is-layout-flex wp-container-core-columns-is-layout-9d6595d7 wp-block-columns-is-layout-flex\">\n<div class=\"wp-block-column is-layout-flow wp-block-column-is-layout-flow\">\n<div class=\"wp-block-columns is-layout-flex wp-container-core-columns-is-layout-9d6595d7 wp-block-columns-is-layout-flex\">\n<div class=\"wp-block-column is-layout-flow wp-block-column-is-layout-flow\">\n<figure class=\"wp-block-image size-full\"><img decoding=\"async\" src=\"https:\/\/lesalverien.fr\/wp-content\/uploads\/2022\/02\/truite-edited.jpg\" alt=\"les partenaires du salverien\" class=\"wp-image-183\"\/><figcaption> <\/figcaption><\/figure>\n<\/div>\n\n\n\n<div class=\"wp-block-column is-layout-flow wp-block-column-is-layout-flow\"><\/div>\n<\/div>\n<\/div>\n\n\n\n<div class=\"wp-block-column is-layout-flow wp-block-column-is-layout-flow\"><\/div>\n<\/div>\n\n\n\n<div class=\"wp-block-buttons is-layout-flex wp-block-buttons-is-layout-flex\">\n<div class=\"wp-block-button has-custom-width wp-block-button__width-25 has-custom-font-size has-small-font-size\"><a class=\"wp-block-button__link has-black-color has-very-light-gray-to-cyan-bluish-gray-gradient-background has-text-color has-background\" href=\"https:\/\/www.facebook.com\/Les-truites-dizeron-38-100883311413772\" target=\"_blank\" rel=\"noreferrer noopener\">en savoir plus<\/a><\/div>\n<\/div>\n\n\n\n<h3 class=\"wp-block-heading\" id=\"la-maison-brun\">La maison  Brun<\/h3>\n\n\n\n<p>Pour vous proposer une  viande  de qualit\u00e9 nous travaillons  avec  David Brun  \u00e0 St Sauveur <\/p>\n\n\n\n<div class=\"wp-block-columns is-layout-flex wp-container-core-columns-is-layout-9d6595d7 wp-block-columns-is-layout-flex\">\n<div class=\"wp-block-column is-layout-flow wp-block-column-is-layout-flow\">\n<figure class=\"wp-block-image size-full is-style-default\"><img fetchpriority=\"high\" decoding=\"async\" width=\"522\" height=\"392\" src=\"https:\/\/lesalverien.fr\/wp-content\/uploads\/2022\/04\/COCHON.jpg\" alt=\"\" class=\"wp-image-662\" srcset=\"https:\/\/lesalverien.fr\/wp-content\/uploads\/2022\/04\/COCHON.jpg 522w, https:\/\/lesalverien.fr\/wp-content\/uploads\/2022\/04\/COCHON-300x225.jpg 300w\" sizes=\"(max-width: 522px) 100vw, 522px\" \/><\/figure>\n<\/div>\n\n\n\n<div class=\"wp-block-column is-layout-flow wp-block-column-is-layout-flow\"><\/div>\n\n\n\n<div class=\"wp-block-column is-layout-flow wp-block-column-is-layout-flow\"><\/div>\n<\/div>\n\n\n\n<div class=\"wp-block-buttons is-layout-flex wp-block-buttons-is-layout-flex\">\n<div class=\"wp-block-button has-custom-width wp-block-button__width-25 has-custom-font-size has-small-font-size\"><a class=\"wp-block-button__link has-black-color has-very-light-gray-to-cyan-bluish-gray-gradient-background has-text-color has-background\" href=\"https:\/\/www.facebook.com\/david.brun.1297\">En savoir plus<\/a><\/div>\n<\/div>\n\n\n\n<h2 class=\"wp-block-heading\" id=\"la-maison-brun\"> <\/h2>\n\n\n\n<h2 class=\"wp-block-heading\" id=\"pour-un-mariage-un-anniversaire-n-hesitez-a-contacter-lucette-et-fleurette\"> Pour  un mariage , un anniversaire  n\u2019h\u00e9sitez  \u00e0  contacter  Lucette et fleurette. <\/h2>\n\n\n\n<p>Elle  sera faire  preuve de  cr\u00e9ativit\u00e9  pour  vous satisfaire . Originaire de St Sauveur , elle a travaill\u00e9 durant trois ans  avec l&rsquo;estafette  fleurette et elle vient d&rsquo;ouvrir  sa boutique  \u00e0 St Romans  , au carrefour des  quatres routes  \u00e0  l&rsquo;entr\u00e9e  du village. <\/p>\n\n\n\n<div class=\"wp-block-columns is-layout-flex wp-container-core-columns-is-layout-9d6595d7 wp-block-columns-is-layout-flex\">\n<div class=\"wp-block-column is-layout-flow wp-block-column-is-layout-flow\">\n<figure class=\"wp-block-image size-large\"><img decoding=\"async\" width=\"1024\" height=\"753\" src=\"https:\/\/lesalverien.fr\/wp-content\/uploads\/2022\/02\/Image2-1024x753.jpg\" alt=\"les partenaires du salverienleurette\" class=\"wp-image-173\"\/><figcaption> <\/figcaption><\/figure>\n<\/div>\n\n\n\n<div class=\"wp-block-column is-layout-flow wp-block-column-is-layout-flow\">\n<figure class=\"wp-block-image size-full is-resized\"><img decoding=\"async\" src=\"https:\/\/lesalverien.fr\/wp-content\/uploads\/2022\/02\/bouquet.jpg\" alt=\"les partenaires du salverien\" class=\"wp-image-294\" width=\"154\" height=\"192\" srcset=\"https:\/\/lesalverien.fr\/wp-content\/uploads\/2022\/02\/bouquet.jpg 400w, https:\/\/lesalverien.fr\/wp-content\/uploads\/2022\/02\/bouquet-240x300.jpg 240w\" sizes=\"(max-width: 154px) 100vw, 154px\" \/><figcaption>  <\/figcaption><\/figure>\n<\/div>\n\n\n\n<div class=\"wp-block-column is-layout-flow wp-block-column-is-layout-flow\"><\/div>\n<\/div>\n\n\n\n<div class=\"wp-block-buttons is-layout-flex wp-block-buttons-is-layout-flex\">\n<div class=\"wp-block-button has-custom-width wp-block-button__width-25 has-custom-font-size has-small-font-size\"><a class=\"wp-block-button__link has-black-color has-very-light-gray-to-cyan-bluish-gray-gradient-background has-text-color has-background\" href=\"https:\/\/www.facebook.com\/lucettefleurette\" target=\"_blank\" rel=\"noreferrer noopener\">en savoir plus<\/a><\/div>\n<\/div>\n\n\n\n<h5 class=\"wp-block-heading\">L&rsquo;huile de noix et  les noix : La ferme des combeaux<\/h5>\n\n\n\n<p>Nous travaillons  pour  les  produits  d\u00e9riv\u00e9s de la noix avec  la ferme des combeaux , qui permet  d\u2019accueillir  les camping car \u00e0 st sauveur <\/p>\n\n\n\n<div class=\"wp-block-columns is-layout-flex wp-container-core-columns-is-layout-9d6595d7 wp-block-columns-is-layout-flex\">\n<div class=\"wp-block-column is-layout-flow wp-block-column-is-layout-flow\">\n<figure class=\"wp-block-image size-full is-resized\"><img loading=\"lazy\" decoding=\"async\" src=\"https:\/\/lesalverien.fr\/wp-content\/uploads\/2022\/04\/la-ferme-des-combeaux3.jpg\" alt=\"la ferme des combeaux \u00e0 st sauveur\" class=\"wp-image-654\" width=\"162\" height=\"217\" srcset=\"https:\/\/lesalverien.fr\/wp-content\/uploads\/2022\/04\/la-ferme-des-combeaux3.jpg 447w, https:\/\/lesalverien.fr\/wp-content\/uploads\/2022\/04\/la-ferme-des-combeaux3-224x300.jpg 224w\" sizes=\"(max-width: 162px) 100vw, 162px\" \/><figcaption> <\/figcaption><\/figure>\n<\/div>\n\n\n\n<div class=\"wp-block-column is-layout-flow wp-block-column-is-layout-flow\">\n<figure class=\"wp-block-image size-full is-resized\"><img loading=\"lazy\" decoding=\"async\" src=\"https:\/\/lesalverien.fr\/wp-content\/uploads\/2022\/04\/la-ferme-des-combeaux1_n.jpg\" alt=\"\" class=\"wp-image-653\" width=\"174\" height=\"233\" srcset=\"https:\/\/lesalverien.fr\/wp-content\/uploads\/2022\/04\/la-ferme-des-combeaux1_n.jpg 447w, https:\/\/lesalverien.fr\/wp-content\/uploads\/2022\/04\/la-ferme-des-combeaux1_n-224x300.jpg 224w\" sizes=\"(max-width: 174px) 100vw, 174px\" \/><\/figure>\n<\/div>\n\n\n\n<div class=\"wp-block-column is-layout-flow wp-block-column-is-layout-flow\"><\/div>\n<\/div>\n\n\n\n<div class=\"wp-block-buttons is-layout-flex wp-block-buttons-is-layout-flex\">\n<div class=\"wp-block-button has-custom-width wp-block-button__width-25 has-custom-font-size has-small-font-size\"><a class=\"wp-block-button__link has-black-color has-very-light-gray-to-cyan-bluish-gray-gradient-background has-text-color has-background\" href=\"\" target=\"_blank\" rel=\"noreferrer noopener\">En savoir plus <\/a><\/div>\n<\/div>\n\n\n\n<h5 class=\"wp-block-heading\">Boulangerie Germain <\/h5>\n\n\n\n<p>Notre partenaire pour le pain<\/p>\n\n\n\n<div class=\"wp-block-columns is-layout-flex wp-container-core-columns-is-layout-9d6595d7 wp-block-columns-is-layout-flex\">\n<div class=\"wp-block-column is-layout-flow wp-block-column-is-layout-flow\">\n<figure class=\"wp-block-image size-full\"><img loading=\"lazy\" decoding=\"async\" width=\"351\" height=\"352\" src=\"https:\/\/lesalverien.fr\/wp-content\/uploads\/2022\/05\/boulangerie-germain.jpg\" alt=\"boulangerie germain vinay\" class=\"wp-image-708\" srcset=\"https:\/\/lesalverien.fr\/wp-content\/uploads\/2022\/05\/boulangerie-germain.jpg 351w, https:\/\/lesalverien.fr\/wp-content\/uploads\/2022\/05\/boulangerie-germain-300x300.jpg 300w, https:\/\/lesalverien.fr\/wp-content\/uploads\/2022\/05\/boulangerie-germain-150x150.jpg 150w\" sizes=\"(max-width: 351px) 100vw, 351px\" \/><\/figure>\n<\/div>\n\n\n\n<div class=\"wp-block-column is-layout-flow wp-block-column-is-layout-flow\"><\/div>\n\n\n\n<div class=\"wp-block-column is-layout-flow wp-block-column-is-layout-flow\"><\/div>\n<\/div>\n\n\n\n<div class=\"wp-block-columns is-layout-flex wp-container-core-columns-is-layout-9d6595d7 wp-block-columns-is-layout-flex\">\n<div class=\"wp-block-column is-layout-flow wp-block-column-is-layout-flow\" style=\"flex-basis:33.33%\">\n<div class=\"wp-block-buttons is-layout-flex wp-block-buttons-is-layout-flex\">\n<div class=\"wp-block-button has-custom-width wp-block-button__width-75 has-custom-font-size has-small-font-size\"><a class=\"wp-block-button__link has-black-color has-very-light-gray-to-cyan-bluish-gray-gradient-background has-text-color has-background\" href=\"\" target=\"_blank\" rel=\"noreferrer noopener\">En savoir plus<\/a><\/div>\n<\/div>\n<\/div>\n\n\n\n<div class=\"wp-block-column is-layout-flow wp-block-column-is-layout-flow\" style=\"flex-basis:66.66%\">\n<div class=\"wp-block-columns is-layout-flex wp-container-core-columns-is-layout-9d6595d7 wp-block-columns-is-layout-flex\">\n<div class=\"wp-block-column is-layout-flow wp-block-column-is-layout-flow\"><\/div>\n\n\n\n<div class=\"wp-block-column is-layout-flow wp-block-column-is-layout-flow\"><\/div>\n<\/div>\n<\/div>\n<\/div>\n\n\n\n<p><\/p>\n","protected":false},"excerpt":{"rendered":"<p>Retrouvez les partenaires du Salv\u00e9rien qui nous permettent de vous proposer des produits locaux de grande qualit\u00e9; Martin volaille Nous avons \u00e0 c\u0153ur de travailler avec les producteurs locaux afin de favoriser la qualit\u00e9 et les circuits courts. La maison Martin nous fournis en volailles. Ils pratiquent aussi la vente aux particuliers . N\u2019h\u00e9sitez pas [&hellip;]<\/p>\n","protected":false},"author":1,"featured_media":0,"parent":0,"menu_order":0,"comment_status":"closed","ping_status":"closed","template":"","meta":{"footnotes":""},"class_list":["post-34","page","type-page","status-publish","hentry"],"yoast_head":"<!-- This site is optimized with the Yoast SEO plugin v27.4 - https:\/\/yoast.com\/product\/yoast-seo-wordpress\/ -->\n<title>Les partenaires du Salv\u00e9rien - Le Salverien<\/title>\n<meta name=\"description\" content=\"les partenaires du salverien. D\u00e9couvrez les. ils nous permettent de vous proposer des produit locaux de grande qualit\u00e9\" \/>\n<meta name=\"robots\" content=\"index, follow, max-snippet:-1, max-image-preview:large, max-video-preview:-1\" \/>\n<link rel=\"canonical\" href=\"https:\/\/lesalverien.fr\/index.php\/les-partenaires-du-salverien\/\" \/>\n<meta property=\"og:locale\" content=\"fr_FR\" \/>\n<meta property=\"og:type\" content=\"article\" \/>\n<meta property=\"og:title\" content=\"Les partenaires du Salv\u00e9rien - Le Salverien\" \/>\n<meta property=\"og:description\" content=\"les partenaires du salverien. D\u00e9couvrez les. ils nous permettent de vous proposer des produit locaux de grande qualit\u00e9\" \/>\n<meta property=\"og:url\" content=\"https:\/\/lesalverien.fr\/index.php\/les-partenaires-du-salverien\/\" \/>\n<meta property=\"og:site_name\" content=\"Le Salverien\" \/>\n<meta property=\"article:modified_time\" content=\"2022-06-17T13:24:12+00:00\" \/>\n<meta property=\"og:image\" content=\"https:\/\/lesalverien.fr\/wp-content\/uploads\/2022\/02\/martinjpg.jpg\" \/>\n<meta name=\"twitter:card\" content=\"summary_large_image\" \/>\n<meta name=\"twitter:label1\" content=\"Dur\u00e9e de lecture estim\u00e9e\" \/>\n\t<meta name=\"twitter:data1\" content=\"3 minutes\" \/>\n<script type=\"application\/ld+json\" class=\"yoast-schema-graph\">{\"@context\":\"https:\\\/\\\/schema.org\",\"@graph\":[{\"@type\":\"WebPage\",\"@id\":\"https:\\\/\\\/lesalverien.fr\\\/index.php\\\/les-partenaires-du-salverien\\\/\",\"url\":\"https:\\\/\\\/lesalverien.fr\\\/index.php\\\/les-partenaires-du-salverien\\\/\",\"name\":\"Les partenaires du Salv\u00e9rien - Le Salverien\",\"isPartOf\":{\"@id\":\"https:\\\/\\\/lesalverien.fr\\\/#website\"},\"primaryImageOfPage\":{\"@id\":\"https:\\\/\\\/lesalverien.fr\\\/index.php\\\/les-partenaires-du-salverien\\\/#primaryimage\"},\"image\":{\"@id\":\"https:\\\/\\\/lesalverien.fr\\\/index.php\\\/les-partenaires-du-salverien\\\/#primaryimage\"},\"thumbnailUrl\":\"http:\\\/\\\/lesalverien.fr\\\/wp-content\\\/uploads\\\/2022\\\/02\\\/martinjpg.jpg\",\"datePublished\":\"2022-01-30T15:57:35+00:00\",\"dateModified\":\"2022-06-17T13:24:12+00:00\",\"description\":\"les partenaires du salverien. D\u00e9couvrez les. ils nous permettent de vous proposer des produit locaux de grande qualit\u00e9\",\"breadcrumb\":{\"@id\":\"https:\\\/\\\/lesalverien.fr\\\/index.php\\\/les-partenaires-du-salverien\\\/#breadcrumb\"},\"inLanguage\":\"fr-FR\",\"potentialAction\":[{\"@type\":\"ReadAction\",\"target\":[\"https:\\\/\\\/lesalverien.fr\\\/index.php\\\/les-partenaires-du-salverien\\\/\"]}]},{\"@type\":\"ImageObject\",\"inLanguage\":\"fr-FR\",\"@id\":\"https:\\\/\\\/lesalverien.fr\\\/index.php\\\/les-partenaires-du-salverien\\\/#primaryimage\",\"url\":\"https:\\\/\\\/lesalverien.fr\\\/wp-content\\\/uploads\\\/2022\\\/02\\\/martinjpg-e1655390612456.jpg\",\"contentUrl\":\"https:\\\/\\\/lesalverien.fr\\\/wp-content\\\/uploads\\\/2022\\\/02\\\/martinjpg-e1655390612456.jpg\",\"width\":500,\"height\":374,\"caption\":\"les partenaires du salverien\"},{\"@type\":\"BreadcrumbList\",\"@id\":\"https:\\\/\\\/lesalverien.fr\\\/index.php\\\/les-partenaires-du-salverien\\\/#breadcrumb\",\"itemListElement\":[{\"@type\":\"ListItem\",\"position\":1,\"name\":\"Accueil\",\"item\":\"https:\\\/\\\/lesalverien.fr\\\/\"},{\"@type\":\"ListItem\",\"position\":2,\"name\":\"Les partenaires du Salv\u00e9rien\"}]},{\"@type\":\"WebSite\",\"@id\":\"https:\\\/\\\/lesalverien.fr\\\/#website\",\"url\":\"https:\\\/\\\/lesalverien.fr\\\/\",\"name\":\"Le Salverien\",\"description\":\"\",\"publisher\":{\"@id\":\"https:\\\/\\\/lesalverien.fr\\\/#organization\"},\"potentialAction\":[{\"@type\":\"SearchAction\",\"target\":{\"@type\":\"EntryPoint\",\"urlTemplate\":\"https:\\\/\\\/lesalverien.fr\\\/?s={search_term_string}\"},\"query-input\":{\"@type\":\"PropertyValueSpecification\",\"valueRequired\":true,\"valueName\":\"search_term_string\"}}],\"inLanguage\":\"fr-FR\"},{\"@type\":\"Organization\",\"@id\":\"https:\\\/\\\/lesalverien.fr\\\/#organization\",\"name\":\"Le Salverien\",\"url\":\"https:\\\/\\\/lesalverien.fr\\\/\",\"logo\":{\"@type\":\"ImageObject\",\"inLanguage\":\"fr-FR\",\"@id\":\"https:\\\/\\\/lesalverien.fr\\\/#\\\/schema\\\/logo\\\/image\\\/\",\"url\":\"https:\\\/\\\/lesalverien.fr\\\/wp-content\\\/uploads\\\/2022\\\/01\\\/cropped-cropped-cropped-cropped-cropped-cropped-lesalveriendenuitjpeg-1-1.jpeg\",\"contentUrl\":\"https:\\\/\\\/lesalverien.fr\\\/wp-content\\\/uploads\\\/2022\\\/01\\\/cropped-cropped-cropped-cropped-cropped-cropped-lesalveriendenuitjpeg-1-1.jpeg\",\"width\":240,\"height\":240,\"caption\":\"Le Salverien\"},\"image\":{\"@id\":\"https:\\\/\\\/lesalverien.fr\\\/#\\\/schema\\\/logo\\\/image\\\/\"}}]}<\/script>\n<!-- \/ Yoast SEO plugin. -->","yoast_head_json":{"title":"Les partenaires du Salv\u00e9rien - Le Salverien","description":"les partenaires du salverien. D\u00e9couvrez les. ils nous permettent de vous proposer des produit locaux de grande qualit\u00e9","robots":{"index":"index","follow":"follow","max-snippet":"max-snippet:-1","max-image-preview":"max-image-preview:large","max-video-preview":"max-video-preview:-1"},"canonical":"https:\/\/lesalverien.fr\/index.php\/les-partenaires-du-salverien\/","og_locale":"fr_FR","og_type":"article","og_title":"Les partenaires du Salv\u00e9rien - Le Salverien","og_description":"les partenaires du salverien. D\u00e9couvrez les. ils nous permettent de vous proposer des produit locaux de grande qualit\u00e9","og_url":"https:\/\/lesalverien.fr\/index.php\/les-partenaires-du-salverien\/","og_site_name":"Le Salverien","article_modified_time":"2022-06-17T13:24:12+00:00","og_image":[{"url":"https:\/\/lesalverien.fr\/wp-content\/uploads\/2022\/02\/martinjpg.jpg","type":"","width":"","height":""}],"twitter_card":"summary_large_image","twitter_misc":{"Dur\u00e9e de lecture estim\u00e9e":"3 minutes"},"schema":{"@context":"https:\/\/schema.org","@graph":[{"@type":"WebPage","@id":"https:\/\/lesalverien.fr\/index.php\/les-partenaires-du-salverien\/","url":"https:\/\/lesalverien.fr\/index.php\/les-partenaires-du-salverien\/","name":"Les partenaires du Salv\u00e9rien - Le Salverien","isPartOf":{"@id":"https:\/\/lesalverien.fr\/#website"},"primaryImageOfPage":{"@id":"https:\/\/lesalverien.fr\/index.php\/les-partenaires-du-salverien\/#primaryimage"},"image":{"@id":"https:\/\/lesalverien.fr\/index.php\/les-partenaires-du-salverien\/#primaryimage"},"thumbnailUrl":"https:\/\/lesalverien.fr\/wp-content\/uploads\/2022\/02\/martinjpg.jpg","datePublished":"2022-01-30T15:57:35+00:00","dateModified":"2022-06-17T13:24:12+00:00","description":"les partenaires du salverien. D\u00e9couvrez les. ils nous permettent de vous proposer des produit locaux de grande qualit\u00e9","breadcrumb":{"@id":"https:\/\/lesalverien.fr\/index.php\/les-partenaires-du-salverien\/#breadcrumb"},"inLanguage":"fr-FR","potentialAction":[{"@type":"ReadAction","target":["https:\/\/lesalverien.fr\/index.php\/les-partenaires-du-salverien\/"]}]},{"@type":"ImageObject","inLanguage":"fr-FR","@id":"https:\/\/lesalverien.fr\/index.php\/les-partenaires-du-salverien\/#primaryimage","url":"https:\/\/lesalverien.fr\/wp-content\/uploads\/2022\/02\/martinjpg-e1655390612456.jpg","contentUrl":"https:\/\/lesalverien.fr\/wp-content\/uploads\/2022\/02\/martinjpg-e1655390612456.jpg","width":500,"height":374,"caption":"les partenaires du salverien"},{"@type":"BreadcrumbList","@id":"https:\/\/lesalverien.fr\/index.php\/les-partenaires-du-salverien\/#breadcrumb","itemListElement":[{"@type":"ListItem","position":1,"name":"Accueil","item":"https:\/\/lesalverien.fr\/"},{"@type":"ListItem","position":2,"name":"Les partenaires du Salv\u00e9rien"}]},{"@type":"WebSite","@id":"https:\/\/lesalverien.fr\/#website","url":"https:\/\/lesalverien.fr\/","name":"Le Salverien","description":"","publisher":{"@id":"https:\/\/lesalverien.fr\/#organization"},"potentialAction":[{"@type":"SearchAction","target":{"@type":"EntryPoint","urlTemplate":"https:\/\/lesalverien.fr\/?s={search_term_string}"},"query-input":{"@type":"PropertyValueSpecification","valueRequired":true,"valueName":"search_term_string"}}],"inLanguage":"fr-FR"},{"@type":"Organization","@id":"https:\/\/lesalverien.fr\/#organization","name":"Le Salverien","url":"https:\/\/lesalverien.fr\/","logo":{"@type":"ImageObject","inLanguage":"fr-FR","@id":"https:\/\/lesalverien.fr\/#\/schema\/logo\/image\/","url":"https:\/\/lesalverien.fr\/wp-content\/uploads\/2022\/01\/cropped-cropped-cropped-cropped-cropped-cropped-lesalveriendenuitjpeg-1-1.jpeg","contentUrl":"https:\/\/lesalverien.fr\/wp-content\/uploads\/2022\/01\/cropped-cropped-cropped-cropped-cropped-cropped-lesalveriendenuitjpeg-1-1.jpeg","width":240,"height":240,"caption":"Le Salverien"},"image":{"@id":"https:\/\/lesalverien.fr\/#\/schema\/logo\/image\/"}}]}},"_links":{"self":[{"href":"https:\/\/lesalverien.fr\/index.php\/wp-json\/wp\/v2\/pages\/34","targetHints":{"allow":["GET"]}}],"collection":[{"href":"https:\/\/lesalverien.fr\/index.php\/wp-json\/wp\/v2\/pages"}],"about":[{"href":"https:\/\/lesalverien.fr\/index.php\/wp-json\/wp\/v2\/types\/page"}],"author":[{"embeddable":true,"href":"https:\/\/lesalverien.fr\/index.php\/wp-json\/wp\/v2\/users\/1"}],"replies":[{"embeddable":true,"href":"https:\/\/lesalverien.fr\/index.php\/wp-json\/wp\/v2\/comments?post=34"}],"version-history":[{"count":34,"href":"https:\/\/lesalverien.fr\/index.php\/wp-json\/wp\/v2\/pages\/34\/revisions"}],"predecessor-version":[{"id":803,"href":"https:\/\/lesalverien.fr\/index.php\/wp-json\/wp\/v2\/pages\/34\/revisions\/803"}],"wp:attachment":[{"href":"https:\/\/lesalverien.fr\/index.php\/wp-json\/wp\/v2\/media?parent=34"}],"curies":[{"name":"wp","href":"https:\/\/api.w.org\/{rel}","templated":true}]}}